).
-7
Let p(r) = -3*r**2 - 7*r - 10. Let l(m) = -4*m**2 - 8*m - 11. Let c(n) = -2*n + 1. Let g be c(3). Let w(i) = g*p(i) + 4*l(i). Give w(5).
-4
Suppose -i + 0*i = 2*s + 8, 18 = -2*i - 5*s. Let v(h) = h**2 + 6*h + 6. Let g be v(i). Let f(a) = -a**2 - a + 1. Give f(g).
-1
Let x(v) = v + 6. Let a(u) be the second derivative of u**2/2 - 4*u. Let s(z) = -10*a(z) + 2*x(z). Calculate s(3).
8
Let d(n) = -4*n**2 - 3*n. Let f = -8 - -6. What is d(f)?
-10
Let l(n) = n**2 + 7*n - 2. Suppose -6*u + u = -15. Suppose 6*o - u*o - 12 = 0. Suppose 5*w + 42 = -o*v, -12 = w + 2*w - 2*v. What is l(w)?
-8
Let o(m) = 4 - 10 + 9 + 2*m. What is o(6)?
15
Let s(b) be the second derivative of b**4/12 - 2*b**3/3 - b**2/2 - 4*b. Suppose 2*r + 3*r = 10. Suppose -5*n - 12 = 8, n = -r*u. Determine s(u).
-5
Let d = 11 - 6. Let c = 6 - d. Let n(b) = 6*b**2 - b + 1. Give n(c).
6
Let j = 1 - 1. Suppose 0 = 3*f - 4*b - 18, 4*f - f + 5*b + 9 = 0. Let r(i) = 2*i + f*i - i + j*i. Calculate r(-1).
-3
Suppose f - 2*i = 3, 0 = 4*f + 7*i - 3*i. Let l be 1 + (f + -8 - -2). Let x(q) = -q**3 - 3*q**2 + 6*q + 2. What is x(l)?
-6
Let y = 10 + -7. Let l(p) be the first derivative of -p**5/60 + p**4/12 + p**3 - 1. Let m(b) be the third derivative of l(b). Calculate m(y).
-4
Let p(o) = -o - 1. Let s(g) = 5*g - 2. Let w(c) = 4*p(c) + s(c). Determine w(-6).
-12
Let y(f) = 3*f - f - 4*f. Suppose 4*o = o + 15. Suppose -5*n - 5*j - 10 = o, -5*n - 2*j = 0. Give y(n).
-4
Suppose -y + 7*y - 12 = 0. Let w(m) = -1 - m**3 + 3*m + 4 + 4*m**y - 6*m. Calculate w(2).
5
Let d be 282/90 - (-6)/(-45). Let k(i) be the first derivative of 1/3*i**d - 2 - 3*i - 3/2*i**2. Determine k(3).
-3
Suppose -3*n - 8 = 4*o, -2*n + 9 = -6*n - 5*o. Let s(r) = -9*r. Let k(g) = 11*g. Let d(w) = 4*k(w) + 5*s(w). Determine d(n).
-4
Let w(o) = o**3 - 7*o**2 + 6*o - 4. Let l be w(6). Let g(t) = t**2 + 3*t + 2. Let b(i) = -i. Let p(j) = 2*b(j) - g(j). Give p(l).
2
Let n be 3*(-4 + 20/6). Let l(y) = 2*y**3 + 3*y**2 - y - 2. Determine l(n).
-4
Let b(t) = t**2 - t + 5. Let r(q) = -1. Let y(u) = -b(u) - 2*r(u). What is y(3)?
-9
Let v(m) = 5*m**3 + 5*m**2 - 5*m + 9. Let w(c) = -6*c**3 - 5*c**2 + 6*c - 10. Let t(y) = -5*v(y) - 4*w(y). Determine t(-5).
-10
Let k(x) = -2*x. Let b be k(-1). Suppose -5*p + 0*p - 4*h + 20 = 0, -12 = -3*p - 4*h. Let t(y) = 2*y**2 - 2*y - 1 + 3*y + 0*y - p*y**2. Determine t(b).
-7
Let m(u) = 5 + 5*u + 6*u**2 - 1 + 1 - 5*u**2. Calculate m(-5).
5
Let m = 34 + -27. Let f(v) = v**3 - 6*v**2 - 7*v - 5. Calculate f(m).
-5
Let s(k) = -k**3 + 2*k**2. Let b be s(2). Suppose -4*o + o + 12 = b. Let h(x) = 2 - 2 - 3*x - 2 - o. Calculate h(-4).
6
Let u(h) = h**2 - 5*h + 3. Let y(c) = -2*c - 11. Let z = -1 + -7. Let m be y(z). What is u(m)?
3
Let b(d) = -d**3 + 4*d**2 + 4*d + 5. Suppose 0 = 2*k + k - 15. Let i be b(k). Suppose -3 = -3*f - i. Let q(u) = -u**3 + u**2 - u + 1. Determine q(f).
0
Let c(n) = -2*n + 2. Suppose 5*u - 27 = 3. Suppose -7*p + 5 = -u*p. Calculate c(p).
-8
Let j = 10 + -7. Suppose 0 = j*z - 9. Let c(a) = a**3 - 2*a**2 + a - 4. What is c(z)?
8
Let o(z) = 5 + 1 - 5 + 3*z. Calculate o(-1).
-2
Let h(x) = 2*x**2 - x + 1. Let l(a) = a**3 - 7*a**2 + 5*a + 8. Let m be l(6). What is h(m)?
7
Let o(h) = -h**2 + 16*h + 6. Let i(y) = y**2 - 11*y - 4. Suppose 0 = k + k + 14. Let z(a) = k*i(a) - 5*o(a). Suppose -17 = 5*s - 7. Calculate z(s).
-4
Let x = -58 - -127. Let m be (-4)/10 + x/(-15). Let b(h) = -3*h**2 - 6*h + 3*h**2 - 1 - h**2 - 3. Give b(m).
1
Suppose 12 - 44 = -4*t. Let f = t - 0. Let m(x) = x**3 - 7*x**2 - 9*x + 11. Let z be m(f). Let l(k) = 2*k - 4. Calculate l(z).
2
Let s(r) = -r + r + 1 - 6*r**2 + r. Let p(u) = -5*u**2 + 2*u + 1. Let m(z) = 5*p(z) - 4*s(z). Calculate m(6).
1
Let z(w) = -4*w**3 + 4*w**2 - 5*w + 7. Let i = 9 + -4. Let s(k) = -3*k**3 + 3*k**2 - 4*k + 6. Let m(t) = i*s(t) - 4*z(t). Give m(2).
6
Let p(r) = -1. Let q(i) = i. Let d(o) = -o - 2. Let z be d(-6). Let b(x) = z*p(x) - q(x). Determine b(0).
-4
Let n(g) = g**2 - g**2 + g**2. Let b(y) = y**3 - 5*y**2 + y - 3. Let w be b(5). What is n(w)?
4
Let y(k) be the third derivative of k**5/60 - k**4/24 + 19*k**2. Determine y(-1).
2
Let v be (-1 - 2) + (-6 - -3) + 4. Let w(f) = -2*f**3 - f**2 + f - 1. What is w(v)?
9
Let u be 8/(16/(-6) - -2). Let g = -11 - u. Let c(w) = 6*w + 1. Determine c(g).
7
Let c be (-2 + 5)/6*6. Let r(s) be the second derivative of 0*s**2 + 1/2*s**c + 1/3*s**4 - 3*s + 1/20*s**5 + 0. Calculate r(-2).
2
Let z be 1/(2/4) + 2. Let b(y) = 2*y**2 - y - 3. Let o(h) = 4*h**2 - 2*h - 5. Let v(x) = z*o(x) - 7*b(x). Determine v(2).
7
Let q = 0 + -1. Let t(k) be the second derivative of -7*k**5/20 + k**3/6 - 4*k. Determine t(q).
6
Let b(v) = v**2 + 7*v - 6*v + 4*v**2 + 2*v + v**3. Suppose 5*t - 9 + 26 = -3*l, 18 = -4*l - 2*t. What is b(l)?
4
Let x(q) = -q**3 - 3*q**2 - 2*q - 2. Let o(p) = 7*p - 2. Let j be o(4). Let u = j + -11. Suppose 2*r = 7*r + u. Give x(r).
4
Let b(t) = -3*t + 74*t**2 + 4*t - 2 - 75*t**2. Give b(3).
-8
Let z(p) be the third derivative of -p**6/40 - p**5/60 + 18*p**2. Determine z(1).
-4
Suppose 2*v - v - 3 = 0. Let y(t) = -t + 4. Let f be y(0). Suppose 2*m = v*m - 5*x - 12, 8 = -f*x. Let d(q) = -q**2 - 2*q + 2. Calculate d(m).
-6
Let o(b) = -11*b**2 + 2*b + 1. Let l be -1 - (3 + (-8 - -5)). Calculate o(l).
-12
Let z = 1 - 2. Let k(q) = 1 + 0 + 2*q**3 + 5 + 7*q - 3*q**3. Let b(y) = -y - 1. Let t(m) = z*k(m) - 5*b(m). Determine t(-2).
-5
Let h(r) = r**2 - 7*r + 1. Suppose 0 = -14*t + 20*t - 36. What is h(t)?
-5
Let g(f) = 2*f**2 + 0*f - 3*f + 4*f. Suppose 4 = -t + 3. Give g(t).
1
Let h(s) = 5*s - 3*s - 3*s + 2*s. Suppose k = -4*l, 2*l + 3*k = -3*l. Suppose l = j - 3*z - 0*z - 11, -2*j - 4*z = 8. Give h(j).
2
Let u be 1 + -3*4/6. Let z(n) be the third derivative of n**6/240 - n**5/120 + n**4/24 - 2*n**2. Let h(s) be the second derivative of z(s). Give h(u).
-4
Let m(c) = 5*c**2 + 2*c - 3. Let f(y) = -11*y**2 - 5*y + 6. Let k be ((-1)/2)/((-4)/(-72)). Let o(n) = k*m(n) - 4*f(n). What is o(3)?
0
Let g(z) = z**2 + z + 1. Let n = -7 + 9. Suppose -2*w + n = 4. What is g(w)?
1
Suppose 3*d - 27 = 48. Suppose -f - 4*f + d = 0. Suppose -2*u + 2*m - 2 = -0, 0 = -u - f*m + 29. Let h(l) = -l - 1. What is h(u)?
-5
Let i(n) = 6*n + 8 - n**3 + 2 - 5*n**2 - 1. Give i(-6).
9
Let s = 1 - 1. Suppose -4*z = -3*z. Let f(g) = -2*g**2 - g + z*g - 1 + g**2. Give f(s).
-1
Let m(i) = -9*i + 1. Let n = 24 + -23. Give m(n).
-8
Let z(m) = -m**2 - 4*m + 1. Let q be z(-4). Let y(x) = x**3 - x**2 - 1. Let w(s) = 5*s**3 - 8*s**2 - 7. Let a(c) = q*w(c) - 4*y(c). What is a(3)?
-12
Suppose 0 = 2*g - g + 2. Let h = 1 + g. Let n(l) = 10*l**3. Calculate n(h).
-10
Let j(i) = i**3 + 6*i**2 + 6*i + 1. Let s(y) be the third derivative of y**6/120 - 2*y**5/15 + y**4/4 + y**3/2 - 2*y**2. Let h be s(7). Give j(h).
9
Let n(d) be the third derivative of d**6/120 - d**5/10 - d**4/4 - 5*d**3/6 + 2*d**2. Let w be n(7). Let h(p) = -2*p + 3. Calculate h(w).
-1
Let r(d) be the second derivative of d**5/20 - d**4/4 - 2*d**3/3 + d**2/2 + 24*d. Give r(4).
1
Let j(p) be the second derivative of 3*p**4/4 + p. Let a be (2/10 + 0)/(20/100). Give j(a).
9
Let u(t) = -6*t - 3. Let i = -3 - -2. Let z be (-6)/((-3)/2*i). Let g(n) = -5*n - 2. Let y(o) = z*u(o) + 5*g(o). Determine y(0).
2
Let j(x) = -2*x**3 + 1. Let k(d) = d. Let u be k(-3). Let i be -3*(u - 1)/12. Calculate j(i).
-1
Let s(m) = 10*m + 19. Let f(p) = 3*p + 6. Let g(l) = 7*f(l) - 2*s(l). Calculate g(0).
4
Let w(y) = -y**2 + 4*y + 1. Suppose -4*j = -20, 6 + 22 = 4*l + 4*j. What is w(l)?
5
Let i = 18 - 13. Let v = i + -9. Let l(q) = 5*q + 5 + 1 - 4 + q**2. What is l(v)?
-2
Let q(h) be the first derivative of -3*h**3 - 3*h**2/2 - 5*h - 1. Let v(b) = 5*b**2 + 2*b + 2. Let l(z) = -6*q(z) - 11*v(z). Give l(-6).
-4
Let u = -50 + 48. Let o(l) = l + 1. Calculate o(u).
-1
Let d(l) = -13*l + 5*l + 4*l. Calculate d(1).
-4
Suppose 2*m + 12 = 4*a + 2, 0 = 4*a - m - 7. Let t(n) be the second derivative of n**5/5 - n**4/12 + n. Give t(a).
3
Let q(f) be the second derivative of -f - 1/6*f**3 + 0 - 7/2*f**2. Calculate q(-6).
-1
Let f = 5 + -2. Suppose -2*r = -4*r - 5*q + 24, 3*r - f*q + 6 = 0. Let p be -2 - -3 - 12/r. Let h(i) = -i**3 - 5*i**2 - 2*i - 7. Give h(p).
3
Let t be 48/(-20) + 2/5. Let s(f) = -3*f**2 + 3*f**2 + 2*f + f**3. 